atest common divisor of 539 and c.
77
Let y be 14/((-7)/(21/(-6))). Suppose y*g = 10*g. Suppose d - 3*d + 2 = g. Calculate the greatest common divisor of 1 and d.
1
Let y be 1325/20 - (6 - 62/8). Calculate the greatest common divisor of y and 510.
34
Let x(w) = 4*w**2 - w. Let a be x(-2). Let y = 7 + 21. Let i = y - a. Calculate the greatest common factor of i and 20.
10
Let l = -471 - -563. Calculate the highest common factor of l and 483.
23
Suppose d - 5*d - 32 = 0. Let o be 9*(d/(-12) - -2). Calculate the greatest common factor of o and 3.
3
Let y be 52/14 + 4/14. Let x = -372 + 373. Calculate the highest common factor of x and y.
1
Suppose -3*y - y = -440. Let f(u) = 3*u - 5. Let h = 17 + -12. Let w be f(h). What is the highest common divisor of w and y?
10
Let b be (-94)/(2/(5 + (-12 - -5))). What is the greatest common divisor of 2 and b?
2
Let m = -2 - -9. Suppose 2*j = -3*i + 14, 4*i = -3*j - 0*j + 19. What is the greatest common factor of j and m?
1
Let u be 20/8 + 1/(-2). Suppose -k = -u*i + i - 9, 3*k = -4*i + 48. Calculate the highest common factor of 96 and k.
12
Let s be 8 + -5 - (-1 - 9). Let t = -10 + s. Let z be 26 - (t - -1)/(-4). Calculate the greatest common factor of z and 9.
9
Suppose 7 = 4*d - 5. Suppose 18 - d = b. Suppose 0 = 65*w - 26*w - 195. Calculate the highest common divisor of b and w.
5
Let x = 941 + -866. Calculate the highest common divisor of x and 45.
15
Let c(d) = -550*d + 26. Let o be c(-1). What is the highest common factor of 12 and o?
12
Suppose 3*r - 23 - 8 = 4*g, 21 = r + 4*g. What is the highest common factor of r and 1742?
13
Let i = -303 + 875. Calculate the highest common divisor of i and 11.
11
Let y be (0 + 14)*(-174)/(-7). Suppose 4*a = 4*v - y, -a + 639 = 5*v + 198. Let n be -33*3*(-4)/36. Calculate the highest common divisor of n and v.
11
Let k = 124 + 191. Calculate the highest common divisor of k and 15.
15
Let o be -2 - -1 - (-2 - 6). Suppose 2 = -p + 4. Suppose 4*u - p*f = -0*u + 10, 3*u = -5*f - 12. Calculate the highest common divisor of o and u.
1
Let q be (-18)/42 - 284/7. Let r be (q + 2)*6/9. Let u = r + 43. Calculate the highest common factor of 119 and u.
17
Let b be (-2093)/(-78) + 15/(-18). Calculate the greatest common divisor of b and 91.
13
Suppose 3 = 3*g, -24*a + 22*a + g = -7. Let o = -32 + 68. Calculate the highest common divisor of a and o.
4
Let u be 6/(4/(-3504)*-8). Calculate the greatest common divisor of u and 9.
9
Suppose 4*f - 21 = f. Suppose -7 = -j - 3. Suppose 4*w = -j*q + 264, 2*q = -3*q + 3*w + 306. Calculate the greatest common divisor of q and f.
7
Let v be ((-3)/(-1)*3)/1. Let z be ((-5)/(-3))/(1/v). Let d be z + (-1 + -1 - -2). Calculate the highest common divisor of d and 75.
15
Let j(x) = x**3 + 4*x**2 + x + 2. Let m be j(-3). Let i be (3 - -16) + 1*(-1 + 0). Suppose 128 = 22*w - i*w. What is the greatest common factor of w and m?
8
Suppose 61 - 141 = -8*k. What is the highest common factor of k and 25?
5
Let s = 0 + 11. Suppose 0*k + s = 4*w - k, 0 = k + 3. What is the greatest common divisor of w and 10?
2
Let u(j) = -j**3 + 9*j**2 + 9*j + 16. Let m be u(10). Suppose m*g = g + t + 27, 0 = g - 5*t + 9. Calculate the greatest common factor of 30 and g.
6
Let v = -40 + 50. Suppose m - 36 = -3*m + 4*b, -v = 2*b. What is the greatest common divisor of 28 and m?
4
Suppose -2*o - o + 35 = -4*v, 5 = -3*o - 4*v. Suppose o*m = y + 4 + 3, -15 = -3*y + 3*m. Calculate the greatest common divisor of 8 and y.
8
Let w(c) = c**2 - 26*c - 105. Let g be w(30). What is the greatest common divisor of 150 and g?
15
Suppose -25 = -2*c - 1. Calculate the highest common divisor of c and 48.
12
Suppose 0 = -2*k - 5*b + 49, -b - 35 = -5*k + 4*k. Let p(n) = 6*n - 12. Let m be p(5). Suppose -m = -5*v + k. What is the highest common factor of 25 and v?
5
Suppose 0 = 3*c + 2*c, g - 4*c - 13 = 0. Let f = 5 + g. Suppose 0*j - j = -3*o - 30, 0 = 2*j + o - 32. What is the greatest common divisor of f and j?
18
Suppose -3*k - 57 = 2*f - 160, -f + 54 = k. Suppose 2*w = 3*n - f, 3*n - 6*w - 62 = -w. Suppose d - n - 37 = 0. Calculate the highest common divisor of d and 8.
8
Suppose 0*s + s - 4 = 0. Suppose s*c - 3*c - 17 = 4*m, -3*m - 12 = 0. What is the highest common divisor of 7 and c?
1
Suppose -31 = 4*n - 7*n - 5*g, 5*n - 35 = -5*g. Let j = 30 + -16. What is the greatest common factor of j and n?
2
Let c = 18 + -3. Suppose 5*j - 249 = -4*r, -7*j + 2*j + 241 = -4*r. Let q = j - c. Calculate the highest common divisor of q and 17.
17
Let k(p) be the third derivative of 0*p + 1/24*p**4 + 0 - 1/120*p**6 + 7*p**2 + p**3 - 1/60*p**5. Let y be k(0). What is the highest common divisor of 24 and y?
6
Suppose 8 = -p + 4*p + 5*v, -2*p + 5*v = -22. Suppose -2*t = 2*g + 16, 6 = -g + 2*t - 8. Let n be 170/4 + 5/g. Calculate the greatest common factor of n and p.
6
Suppose -4*m - 2*j + 26 = m, 0 = 3*m - 3*j - 24. Let i = 42 - 42. Suppose -4*q = -8, i = 5*l - 4*q + 2*q - 326. What is the highest common factor of m and l?
6
Suppose -154*r = -2384 - 3314. Suppose 586 + 339 = 5*b - s, 4*b - 740 = 2*s. Calculate the highest common factor of r and b.
37
Let g be -32*(2 + -2 + (-9)/6). Suppose 2*c - 20 = 12. What is the greatest common divisor of g and c?
16
Let u be (10 - 9)/(1/34). Let i = 42 - u. Calculate the greatest common divisor of i and 8.
8
Let i be 20 - 25 - -2*202. What is the greatest common factor of i and 38?
19
Suppose -2*k + 17 = 3*z - 6*k, -k - 29 = -3*z. What is the highest common factor of 7 and z?
1
Let b = -461 - -462. What is the greatest common factor of 7 and b?
1
Let v(l) = 3*l**2 + 8*l + 4. Let c(n) = -n + 23. Let i be c(13). Let z = i - 15. Let d be v(z). Calculate the highest common divisor of d and 26.
13
Let g(j) = -4*j**2 + 217*j + 34. Let l be g(54). Let c be (88/(-6))/((-2)/18). Calculate the highest common factor of l and c.
44
Let w(a) be the third derivative of a**5/30 + a**4/3 - 7*a**3/6 + 16*a**2. Let i be w(-6). What is the greatest common factor of 153 and i?
17
Suppose -4*a - 133 = -5*l, -6*a + 73 = 2*l - a. Let q = -17 + l. Suppose -48 - 156 = -4*h - 3*v, 0 = 3*v - q. Calculate the highest common factor of 16 and h.
16
Suppose 4*p + 0*t = -t + 161, 3*t + 117 = 3*p. Suppose 37*i - 24*i = 208. What is the highest common divisor of i and p?
8
Suppose -t - 5*m + 208 = 0, t - 12*m - 188 = -7*m. What is the highest common divisor of t and 176?
22
Let s be (-21)/12 + 1/(-4) - 9. Let l = s + 18. Suppose 2*o - 126 = -o. Calculate the highest common factor of l and o.
7
Let x(k) = 62*k + 69. Let i be x(-1). What is the greatest common divisor of 427 and i?
7
Suppose 87*g - 81*g = 552. What is the greatest common factor of 874 and g?
46
Let k = -71 - -93. Let i be 3840/55 - (-4)/k. Let d be 32/(-2)*-1 - 2. What is the highest common factor of d and i?
14
Let i = 130 + -91. Let u be -20 + -18 + 6 + 6. Let x = u + i. What is the greatest common divisor of 143 and x?
13
Let r(f) = -13*f - 2. Let l be r(4). Suppose c + 15 = 99. Let v = l + c. What is the highest common divisor of v and 6?
6
Suppose -5 = 2*g - 3*g. Suppose -5*p + o + 242 = g*o, 5*p = 4*o + 218. Suppose -3*w + 11 = -p. What is the highest common factor of 19 and w?
19
Let f be 15 - (-6 - -3)*1. Suppose 5*j - 2 - f = 0. Suppose j*u = -10 + 18. What is the highest common factor of 8 and u?
2
Suppose 0 = -5*c - 4*f + 35, -c = 3*f - 5*f + 7. Let u be 1199/4 - c/(-12). Calculate the highest common factor of 30 and u.
30
Suppose 6*s - 2*s - 900 = 0. Calculate the greatest common divisor of s and 180.
45
Let w(a) = 11*a + 103. Let s be w(27). What is the greatest common factor of s and 25?
25
Let r be ((-285)/(-20))/(9/24). Let y = r - 37. What is the greatest common divisor of 5 and y?
1
Let f(a) = 5*a + 323. Let o be f(-50). What is the highest common divisor of 438 and o?
73
Suppose 3318 = 120*j - 41*j. What is the greatest common factor of 168 and j?
42
Suppose 12*i = 2*i + 560. Calculate the greatest common divisor of i and 14.
14
Suppose -3*y - 6 = -4*y. Let h = 21 - y. Let z be (0 - -35)*((-1248)/112 - -12). Calculate the greatest common factor of h and z.
15
Suppose -796 + 280 = -4*b. Calculate the greatest common divisor of b and 344.
43
Let z(y) = 6*y + 486. Let s be z(67). What is the highest common fa